{"id":88,"date":"2021-04-08T10:57:07","date_gmt":"2021-04-08T08:57:07","guid":{"rendered":"https:\/\/poleo.fr\/?page_id=88"},"modified":"2025-01-13T15:36:39","modified_gmt":"2025-01-13T14:36:39","slug":"notre-fonctionnement","status":"publish","type":"page","link":"https:\/\/poleo.fr\/index.php\/notre-fonctionnement\/","title":{"rendered":"Notre fonctionnement"},"content":{"rendered":"<h1>Nos offres<\/h1>\n<h1>Un service de tenues scolaires sur-mesure<\/h1>\n<div>\n<h2>OFFRE<\/h2>\n<p>Sans engagement<\/p>\n<div>\n<div class=\"uk-panel uk-margin-medium uk-width-large@s uk-margin-auto uk-text-justify\" data-id=\"page#2-2-0-2\">\n<h5 style=\"text-align: center;\"><strong>Achat par l\u2019\u00e9cole d\u2019un stock d\u2019uniformes personnalis\u00e9s<\/strong><\/h5>\n<p>Si vous ne souhaitez pas b\u00e9n\u00e9ficier de l\u2019offre avec engagement, vous\u00a0 pouvez\u00a0 commander\u00a0 directement un stock d\u2019uniformes Poleo personnalis\u00e9s aupr\u00e8s de notre service commercial.<\/p>\n<p>Une fois la fabrication effectu\u00e9e, l\u2019ensemble des stocks command\u00e9s vous sera alors livr\u00e9 \u00e0 l\u2019\u00e9cole.<\/p>\n<\/div>\n<\/div>\n<\/div>\n<div>\n<h2>OFFRE<\/h2>\n<p>Avec engagement<\/p>\n<div>\n<div class=\"uk-panel uk-margin-medium uk-width-large@s uk-margin-auto uk-text-justify\" data-id=\"page#2-2-0-2\">\n<ol>\n<li>Adh\u00e9sion de\u00a0 l\u2019\u00e9tablissement\u00a0 scolaire\u00a0 \u00e0\u00a0 Poleo\u00a0 pour b\u00e9n\u00e9ficier\u00a0 du\u00a0 service\u00a0 de\u00a0 vente\u00a0 et\u00a0 de\u00a0 gestion\u00a0 des uniformes.<\/li>\n<li>Dans\u00a0 une\u00a0 p\u00e9riode\u00a0 de\u00a0 pr\u00e9commande\u00a0 de trois semaines fix\u00e9e avec vous, achat par les parents d\u2019\u00e9l\u00e8ves des produits\u00a0 demand\u00e9s\u00a0 par\u00a0 l\u2019\u00e9cole\u00a0 sur\u00a0 une\u00a0 boutique\u00a0 en ligne d\u00e9di\u00e9e, cr\u00e9\u00e9e par Poleo.<\/li>\n<li>Une fois la fabrication effectu\u00e9e, exp\u00e9dition des colis directement chez les parents d\u2019\u00e9l\u00e8ves.<\/li>\n<\/ol>\n<\/div>\n<\/div>\n<\/div>\n<h2><a href=\"https:\/\/poleo.fr\/index.php\/nous-contacter\/\">Contactez notre \u00e9quipe<br \/>pour plus de renseignements.<\/a><\/h2>\n<p>\n    <a href=\"\/index.php\/nous-contacter\/\">Contactez-nous <\/a>\n<\/p>\n<p><!--more--><br \/>\n<!-- {\"children\":[{\"type\":\"section\",\"props\":{\"css\":\"@media (min-width: 960px) {\\n    .el-section > div  {\\n        padding-top: 350px;\\n        padding-bottom: 350px;\\n    }\\n}\",\"header_transparent\":true,\"header_transparent_text_color\":\"dark\",\"height\":\"viewport\",\"height_offset_top\":true,\"height_viewport\":50,\"image\":\"wp-content\\\/uploads\\\/2022\\\/01\\\/POLEO-V3-191-scaled.jpg\",\"image_effect\":\"parallax\",\"image_parallax_bgy\":\"20,-20\",\"image_parallax_easing\":\"1\",\"image_position\":\"top-center\",\"image_size\":\"cover\",\"media_overlay\":\"rgba(255, 255, 255, 0.07)\",\"padding\":\"xlarge\",\"padding_remove_bottom\":false,\"padding_remove_top\":true,\"style\":\"default\",\"title_breakpoint\":\"xl\",\"title_position\":\"top-left\",\"title_rotation\":\"left\",\"vertical_align\":\"middle\",\"width\":\"\"},\"children\":[{\"type\":\"row\",\"children\":[{\"type\":\"column\",\"props\":{\"image_position\":\"center-center\",\"position_sticky_breakpoint\":\"m\",\"width_medium\":\"1-1\"}}]}],\"name\":\"HERO\",\"modified\":\"2021-04-13T14:08:37.228Z\"},{\"name\":\"Pricing\",\"type\":\"section\",\"props\":{\"animation\":\"slide-bottom-small\",\"animation_delay\":false,\"image_position\":\"center-center\",\"image_size\":\"cover\",\"padding\":\"small\",\"padding_remove_bottom\":false,\"padding_remove_top\":false,\"style\":\"muted\",\"title_breakpoint\":\"xl\",\"title_position\":\"top-left\",\"title_rotation\":\"left\",\"vertical_align\":\"\",\"width\":\"large\"},\"children\":[{\"type\":\"row\",\"props\":{\"column_gap\":\"large\",\"row_gap\":\"large\"},\"children\":[{\"type\":\"column\",\"children\":[{\"type\":\"headline\",\"props\":{\"content\":\"Nos offres\",\"text_align\":\"center\",\"title_element\":\"h1\",\"title_style\":\"heading-small\"}},{\"type\":\"headline\",\"props\":{\"content\":\"Un service de tenues scolaires sur-mesure\",\"text_align\":\"center\",\"title_color\":\"primary\",\"title_element\":\"h1\",\"title_style\":\"h4\"}}],\"props\":{\"image_position\":\"center-center\",\"position_sticky_breakpoint\":\"m\",\"width_medium\":\"1-1\"}}]},{\"type\":\"row\",\"props\":{\"column_gap\":\"large\",\"divider\":false,\"layout\":\"1-2,1-2\",\"margin\":\"medium\",\"row_gap\":\"large\",\"vertical_align\":true},\"children\":[{\"type\":\"column\",\"props\":{\"image_position\":\"center-center\",\"position_sticky_breakpoint\":\"m\",\"vertical_align\":\"middle\",\"width_medium\":\"1-2\"},\"children\":[{\"type\":\"panel\",\"props\":{\"animation\":\"slide-left-medium\",\"content\":\"\n\n<div class=\\\"uk-panel uk-margin-medium uk-width-large@s uk-margin-auto uk-text-justify\\\" data-id=\\\"page#2-2-0-2\\\">\\n\n\n<h5 style=\\\"text-align: center;\\\"><strong>Achat par l\\u2019\\u00e9cole d\\u2019un stock d\\u2019uniformes personnalis\\u00e9s<\\\/strong><\\\/h5>\\n\n\n<p>Si vous ne souhaitez pas b\\u00e9n\\u00e9ficier de l\\u2019offre avec engagement, vous\\u00a0 pouvez\\u00a0 commander\\u00a0 directement un stock d\\u2019uniformes Poleo personnalis\\u00e9s aupr\\u00e8s de notre service commercial.<\\\/p>\\n\n\n<p>Une fois la fabrication effectu\\u00e9e, l\\u2019ensemble des stocks command\\u00e9s vous sera alors livr\\u00e9 \\u00e0 l\\u2019\\u00e9cole.<\\\/p>\\n<\\\/div>\",\"content_column_breakpoint\":\"m\",\"icon\":\"\",\"icon_width\":80,\"image_align\":\"top\",\"image_grid_breakpoint\":\"m\",\"image_grid_width\":\"1-2\",\"image_svg_color\":\"emphasis\",\"link_style\":\"default\",\"link_text\":\"Details\",\"margin\":\"\",\"meta\":\"Sans engagement\",\"meta_align\":\"below-title\",\"meta_element\":\"div\",\"meta_style\":\"h3\",\"panel_padding\":\"large\",\"panel_style\":\"card-default\",\"text_align\":\"center\",\"title\":\"OFFRE\",\"title_align\":\"top\",\"title_color\":\"primary\",\"title_element\":\"h2\",\"title_grid_breakpoint\":\"m\",\"title_grid_width\":\"1-2\",\"title_hover_style\":\"reset\",\"title_style\":\"h5\"}}]},{\"type\":\"column\",\"props\":{\"image_position\":\"center-center\",\"position_sticky_breakpoint\":\"m\",\"vertical_align\":\"middle\",\"width_medium\":\"1-2\"},\"children\":[{\"type\":\"panel\",\"props\":{\"animation\":\"slide-left-medium\",\"content\":\"\n\n<div class=\\\"uk-panel uk-margin-medium uk-width-large@s uk-margin-auto uk-text-justify\\\" data-id=\\\"page#2-2-0-2\\\">\\n\n\n<ol>\\n\n\n<li>Adh\\u00e9sion de\\u00a0 l\\u2019\\u00e9tablissement\\u00a0 scolaire\\u00a0 \\u00e0\\u00a0 Poleo\\u00a0 pour b\\u00e9n\\u00e9ficier\\u00a0 du\\u00a0 service\\u00a0 de\\u00a0 vente\\u00a0 et\\u00a0 de\\u00a0 gestion\\u00a0 des uniformes.<\\\/li>\\n\n\n<li>Dans\\u00a0 une\\u00a0 p\\u00e9riode\\u00a0 de\\u00a0 pr\\u00e9commande\\u00a0 de trois semaines fix\\u00e9e avec vous, achat par les parents d\\u2019\\u00e9l\\u00e8ves des produits\\u00a0 demand\\u00e9s\\u00a0 par\\u00a0 l\\u2019\\u00e9cole\\u00a0 sur\\u00a0 une\\u00a0 boutique\\u00a0 en ligne d\\u00e9di\\u00e9e, cr\\u00e9\\u00e9e par Poleo.<\\\/li>\\n\n\n<li>Une fois la fabrication effectu\\u00e9e, exp\\u00e9dition des colis directement chez les parents d\\u2019\\u00e9l\\u00e8ves.<\\\/li>\\n<\\\/ol>\\n<\\\/div>\",\"content_column_breakpoint\":\"m\",\"icon\":\"\",\"icon_width\":80,\"image_align\":\"top\",\"image_grid_breakpoint\":\"m\",\"image_grid_width\":\"1-2\",\"image_svg_color\":\"emphasis\",\"link_style\":\"default\",\"link_text\":\"Details\",\"margin\":\"\",\"meta\":\"Avec engagement\",\"meta_align\":\"below-title\",\"meta_element\":\"div\",\"meta_style\":\"h3\",\"panel_padding\":\"large\",\"panel_style\":\"card-default\",\"text_align\":\"center\",\"title\":\"OFFRE\",\"title_align\":\"top\",\"title_color\":\"primary\",\"title_element\":\"h2\",\"title_grid_breakpoint\":\"m\",\"title_grid_width\":\"1-2\",\"title_hover_style\":\"reset\",\"title_style\":\"h5\"}}]}]}]},{\"type\":\"section\",\"props\":{\"image_position\":\"center-center\",\"padding\":\"small\",\"padding_remove_bottom\":false,\"preserve_color\":false,\"style\":\"muted\",\"title_breakpoint\":\"xl\",\"title_position\":\"top-left\",\"title_rotation\":\"left\",\"vertical_align\":\"\",\"width\":\"xlarge\"},\"children\":[{\"type\":\"row\",\"props\":{\"layout\":\"expand,large,expand\",\"margin\":\"small\",\"margin_remove_bottom\":true,\"margin_remove_top\":false},\"children\":[{\"type\":\"column\",\"props\":{\"image_position\":\"center-center\",\"position_sticky_breakpoint\":\"m\",\"vertical_align\":\"bottom\",\"width_medium\":\"expand\"}},{\"type\":\"column\",\"props\":{\"image_position\":\"center-center\",\"position_sticky_breakpoint\":\"m\",\"width_medium\":\"large\"},\"children\":[{\"type\":\"headline\",\"props\":{\"content\":\"Contactez notre \\u00e9quipe<br \/>pour plus de renseignements.\",\"link\":\"https:\\\/\\\/poleo.fr\\\/index.php\\\/nous-contacter\\\/\",\"position\":\"relative\",\"position_z_index\":\"1\",\"text_align\":\"center\",\"title_element\":\"h2\",\"title_style\":\"h5\"}},{\"type\":\"button\",\"props\":{\"grid_column_gap\":\"small\",\"grid_row_gap\":\"small\",\"margin\":\"default\",\"text_align\":\"center\"},\"children\":[{\"type\":\"button_item\",\"props\":{\"button_style\":\"danger\",\"content\":\"Contactez-nous \",\"icon_align\":\"left\",\"link\":\"index.php\\\/nous-contacter\\\/\"}}]}]},{\"type\":\"column\",\"props\":{\"image_position\":\"center-center\",\"position_sticky_breakpoint\":\"m\",\"width_medium\":\"expand\"}}]}],\"name\":\"Call to Action\"}],\"version\":\"4.4.20\",\"type\":\"layout\"} --><\/p>\n","protected":false},"excerpt":{"rendered":"<p>Nos offres Un service de tenues scolaires sur-mesure OFFRE Sans engagement Achat par l\u2019\u00e9cole d\u2019un stock d\u2019uniformes personnalis\u00e9s Si vous ne souhaitez pas b\u00e9n\u00e9ficier de l\u2019offre avec engagement, vous\u00a0 pouvez\u00a0 commander\u00a0 directement un stock d\u2019uniformes Poleo personnalis\u00e9s aupr\u00e8s de notre service commercial. Une fois la fabrication effectu\u00e9e, l\u2019ensemble des stocks command\u00e9s vous sera alors livr\u00e9 [&hellip;]<\/p>\n","protected":false},"author":2,"featured_media":0,"parent":0,"menu_order":0,"comment_status":"closed","ping_status":"closed","template":"","meta":{"content-type":"","footnotes":""},"class_list":["post-88","page","type-page","status-publish","hentry"],"yoast_head":"<!-- This site is optimized with the Yoast SEO plugin v27.5 - https:\/\/yoast.com\/product\/yoast-seo-wordpress\/ -->\n<title>Poleo - Notre fonctionnement - Pour un service d\u2019uniformes sur-mesure<\/title>\n<meta name=\"description\" content=\"D\u00e9couvrez nos offres avec ou sans engagement. Un service cl\u00e9 en main et une gestion 100% externalis\u00e9e des uniformes scolaires.\" \/>\n<meta name=\"robots\" content=\"index, follow, max-snippet:-1, max-image-preview:large, max-video-preview:-1\" \/>\n<link rel=\"canonical\" href=\"https:\/\/poleo.fr\/index.php\/notre-fonctionnement\/\" \/>\n<meta property=\"og:locale\" content=\"fr_FR\" \/>\n<meta property=\"og:type\" content=\"article\" \/>\n<meta property=\"og:title\" content=\"Poleo - Notre fonctionnement - Pour un service d\u2019uniformes sur-mesure\" \/>\n<meta property=\"og:description\" content=\"D\u00e9couvrez nos offres avec ou sans engagement. Un service cl\u00e9 en main et une gestion 100% externalis\u00e9e des uniformes scolaires.\" \/>\n<meta property=\"og:url\" content=\"https:\/\/poleo.fr\/index.php\/notre-fonctionnement\/\" \/>\n<meta property=\"og:site_name\" content=\"Poleo\" \/>\n<meta property=\"article:modified_time\" content=\"2025-01-13T14:36:39+00:00\" \/>\n<meta name=\"twitter:card\" content=\"summary_large_image\" \/>\n<meta name=\"twitter:label1\" content=\"Dur\u00e9e de lecture estim\u00e9e\" \/>\n\t<meta name=\"twitter:data1\" content=\"1 minute\" \/>\n<script type=\"application\/ld+json\" class=\"yoast-schema-graph\">{\"@context\":\"https:\\\/\\\/schema.org\",\"@graph\":[{\"@type\":\"WebPage\",\"@id\":\"https:\\\/\\\/poleo.fr\\\/index.php\\\/notre-fonctionnement\\\/\",\"url\":\"https:\\\/\\\/poleo.fr\\\/index.php\\\/notre-fonctionnement\\\/\",\"name\":\"Poleo - Notre fonctionnement - Pour un service d\u2019uniformes sur-mesure\",\"isPartOf\":{\"@id\":\"https:\\\/\\\/poleo.fr\\\/#website\"},\"datePublished\":\"2021-04-08T08:57:07+00:00\",\"dateModified\":\"2025-01-13T14:36:39+00:00\",\"description\":\"D\u00e9couvrez nos offres avec ou sans engagement. Un service cl\u00e9 en main et une gestion 100% externalis\u00e9e des uniformes scolaires.\",\"breadcrumb\":{\"@id\":\"https:\\\/\\\/poleo.fr\\\/index.php\\\/notre-fonctionnement\\\/#breadcrumb\"},\"inLanguage\":\"fr-FR\",\"potentialAction\":[{\"@type\":\"ReadAction\",\"target\":[\"https:\\\/\\\/poleo.fr\\\/index.php\\\/notre-fonctionnement\\\/\"]}]},{\"@type\":\"BreadcrumbList\",\"@id\":\"https:\\\/\\\/poleo.fr\\\/index.php\\\/notre-fonctionnement\\\/#breadcrumb\",\"itemListElement\":[{\"@type\":\"ListItem\",\"position\":1,\"name\":\"Accueil\",\"item\":\"https:\\\/\\\/poleo.fr\\\/\"},{\"@type\":\"ListItem\",\"position\":2,\"name\":\"Notre fonctionnement\"}]},{\"@type\":\"WebSite\",\"@id\":\"https:\\\/\\\/poleo.fr\\\/#website\",\"url\":\"https:\\\/\\\/poleo.fr\\\/\",\"name\":\"Poleo\",\"description\":\"Tenues scolaires\",\"publisher\":{\"@id\":\"https:\\\/\\\/poleo.fr\\\/#organization\"},\"potentialAction\":[{\"@type\":\"SearchAction\",\"target\":{\"@type\":\"EntryPoint\",\"urlTemplate\":\"https:\\\/\\\/poleo.fr\\\/?s={search_term_string}\"},\"query-input\":{\"@type\":\"PropertyValueSpecification\",\"valueRequired\":true,\"valueName\":\"search_term_string\"}}],\"inLanguage\":\"fr-FR\"},{\"@type\":\"Organization\",\"@id\":\"https:\\\/\\\/poleo.fr\\\/#organization\",\"name\":\"Poleo\",\"url\":\"https:\\\/\\\/poleo.fr\\\/\",\"logo\":{\"@type\":\"ImageObject\",\"inLanguage\":\"fr-FR\",\"@id\":\"https:\\\/\\\/poleo.fr\\\/#\\\/schema\\\/logo\\\/image\\\/\",\"url\":\"https:\\\/\\\/poleo.fr\\\/wp-content\\\/uploads\\\/2021\\\/04\\\/Poleo_logo_WApp.jpg\",\"contentUrl\":\"https:\\\/\\\/poleo.fr\\\/wp-content\\\/uploads\\\/2021\\\/04\\\/Poleo_logo_WApp.jpg\",\"width\":2084,\"height\":2084,\"caption\":\"Poleo\"},\"image\":{\"@id\":\"https:\\\/\\\/poleo.fr\\\/#\\\/schema\\\/logo\\\/image\\\/\"}}]}<\/script>\n<!-- \/ Yoast SEO plugin. -->","yoast_head_json":{"title":"Poleo - Notre fonctionnement - Pour un service d\u2019uniformes sur-mesure","description":"D\u00e9couvrez nos offres avec ou sans engagement. Un service cl\u00e9 en main et une gestion 100% externalis\u00e9e des uniformes scolaires.","robots":{"index":"index","follow":"follow","max-snippet":"max-snippet:-1","max-image-preview":"max-image-preview:large","max-video-preview":"max-video-preview:-1"},"canonical":"https:\/\/poleo.fr\/index.php\/notre-fonctionnement\/","og_locale":"fr_FR","og_type":"article","og_title":"Poleo - Notre fonctionnement - Pour un service d\u2019uniformes sur-mesure","og_description":"D\u00e9couvrez nos offres avec ou sans engagement. Un service cl\u00e9 en main et une gestion 100% externalis\u00e9e des uniformes scolaires.","og_url":"https:\/\/poleo.fr\/index.php\/notre-fonctionnement\/","og_site_name":"Poleo","article_modified_time":"2025-01-13T14:36:39+00:00","twitter_card":"summary_large_image","twitter_misc":{"Dur\u00e9e de lecture estim\u00e9e":"1 minute"},"schema":{"@context":"https:\/\/schema.org","@graph":[{"@type":"WebPage","@id":"https:\/\/poleo.fr\/index.php\/notre-fonctionnement\/","url":"https:\/\/poleo.fr\/index.php\/notre-fonctionnement\/","name":"Poleo - Notre fonctionnement - Pour un service d\u2019uniformes sur-mesure","isPartOf":{"@id":"https:\/\/poleo.fr\/#website"},"datePublished":"2021-04-08T08:57:07+00:00","dateModified":"2025-01-13T14:36:39+00:00","description":"D\u00e9couvrez nos offres avec ou sans engagement. Un service cl\u00e9 en main et une gestion 100% externalis\u00e9e des uniformes scolaires.","breadcrumb":{"@id":"https:\/\/poleo.fr\/index.php\/notre-fonctionnement\/#breadcrumb"},"inLanguage":"fr-FR","potentialAction":[{"@type":"ReadAction","target":["https:\/\/poleo.fr\/index.php\/notre-fonctionnement\/"]}]},{"@type":"BreadcrumbList","@id":"https:\/\/poleo.fr\/index.php\/notre-fonctionnement\/#breadcrumb","itemListElement":[{"@type":"ListItem","position":1,"name":"Accueil","item":"https:\/\/poleo.fr\/"},{"@type":"ListItem","position":2,"name":"Notre fonctionnement"}]},{"@type":"WebSite","@id":"https:\/\/poleo.fr\/#website","url":"https:\/\/poleo.fr\/","name":"Poleo","description":"Tenues scolaires","publisher":{"@id":"https:\/\/poleo.fr\/#organization"},"potentialAction":[{"@type":"SearchAction","target":{"@type":"EntryPoint","urlTemplate":"https:\/\/poleo.fr\/?s={search_term_string}"},"query-input":{"@type":"PropertyValueSpecification","valueRequired":true,"valueName":"search_term_string"}}],"inLanguage":"fr-FR"},{"@type":"Organization","@id":"https:\/\/poleo.fr\/#organization","name":"Poleo","url":"https:\/\/poleo.fr\/","logo":{"@type":"ImageObject","inLanguage":"fr-FR","@id":"https:\/\/poleo.fr\/#\/schema\/logo\/image\/","url":"https:\/\/poleo.fr\/wp-content\/uploads\/2021\/04\/Poleo_logo_WApp.jpg","contentUrl":"https:\/\/poleo.fr\/wp-content\/uploads\/2021\/04\/Poleo_logo_WApp.jpg","width":2084,"height":2084,"caption":"Poleo"},"image":{"@id":"https:\/\/poleo.fr\/#\/schema\/logo\/image\/"}}]}},"_links":{"self":[{"href":"https:\/\/poleo.fr\/index.php\/wp-json\/wp\/v2\/pages\/88","targetHints":{"allow":["GET"]}}],"collection":[{"href":"https:\/\/poleo.fr\/index.php\/wp-json\/wp\/v2\/pages"}],"about":[{"href":"https:\/\/poleo.fr\/index.php\/wp-json\/wp\/v2\/types\/page"}],"author":[{"embeddable":true,"href":"https:\/\/poleo.fr\/index.php\/wp-json\/wp\/v2\/users\/2"}],"replies":[{"embeddable":true,"href":"https:\/\/poleo.fr\/index.php\/wp-json\/wp\/v2\/comments?post=88"}],"version-history":[{"count":5,"href":"https:\/\/poleo.fr\/index.php\/wp-json\/wp\/v2\/pages\/88\/revisions"}],"predecessor-version":[{"id":2612,"href":"https:\/\/poleo.fr\/index.php\/wp-json\/wp\/v2\/pages\/88\/revisions\/2612"}],"wp:attachment":[{"href":"https:\/\/poleo.fr\/index.php\/wp-json\/wp\/v2\/media?parent=88"}],"curies":[{"name":"wp","href":"https:\/\/api.w.org\/{rel}","templated":true}]}}